ose 0 = c - 4*v - s, c = -c + v + 23. Let t = c - 6. What is the units digit of t?
6
Let q(v) = 30*v - 12. Let r(t) = -t**3 - 6*t**2 - 4*t + 10. Let y be r(-5). Let s(c) = -12*c + 5. Let j(a) = y*q(a) + 12*s(a). What is the tens digit of j(3)?
1
Let h = -40 - -301. Let w = -162 + h. What is the units digit of w?
9
Suppose 0 = -4*h - t + 745, 739 = -3*h + 7*h - 5*t. What is the hundreds digit of h?
1
Let w = 1 + 3. Suppose -6 = -w*a + a. What is the units digit of 1 - (-45 - a - -1)?
7
Let y(h) = 33*h**2 + 5*h + 2. Let a be y(-2). Suppose a = 5*o - 26. What is the tens digit of o?
3
Let z = 679 - -4. What is the units digit of z?
3
Let g(x) = x - 17. Let d be g(19). Suppose -m - r = r - 144, 10 = d*r. What is the tens digit of m?
3
Let n(r) be the second derivative of -r**6/40 - r**5/60 + 3*r**4/4 + 5*r. Let t(o) be the third derivative of n(o). What is the units digit of t(-1)?
6
Suppose -2065 = -5*x + 9530. What is the hundreds digit of x?
3
Suppose 799 + 189 = 4*o. Let c = o + -108. What is the units digit of c?
9
Suppose -2*w - 2*x + 533 = 71, -2*x - 6 = 0. Let t = w + -23. What is the hundreds digit of t?
2
What is the units digit of 6 - (-41 + (-9 - -7))?
9
Let y be -6 + (1 - -6) - (0 + -5). Let a = 10 + -6. Suppose -y*x + 2*x - 4*v = -84, v = a*x - 69. What is the units digit of x?
8
Let o = 105 + -100. Suppose 0*x + x - o*w - 77 = 0, 3*x - 5*w = 211. What is the tens digit of x?
6
Let s(b) = 20*b**2 + 90*b - 17. What is the tens digit of s(-8)?
4
Suppose 0 = -i - 4*z + 25, -i + 48 = -5*z + 5. Suppose 39 = -6*b - i. Let o = -9 - b. What is the units digit of o?
3
Let y be 0*(35/10)/(-7). Suppose -19*v + 18*v + 39 = y. What is the tens digit of v?
3
What is the thousands digit of 5 + 168/(-35) + (-11619)/(-5)?
2
Suppose -3*t - 36 = 3*q, 5*q - 5*t + 8*t + 56 = 0. Let o be (-11)/(-2) - q/(-20). Let r(n) = -n**2 + 5*n + 3. What is the units digit of r(o)?
3
Suppose -4*z = -5*u + 199, 8*z + 168 = 4*u + 7*z. What is the units digit of u?
3
Suppose 3*z + 4767 = 10*z. Suppose 5*g - z = 509. What is the units digit of g?
8
Let c = 6 - 10. Let h(k) = 2 + k**3 + 7*k**2 - 2*k - 5*k**2 + 3*k**2 + 5*k. What is the units digit of h(c)?
6
Suppose 0 = q - 5*q + 140. Let l = q + 110. What is the units digit of l?
5
Let v(h) = 14*h + 2. Let f be v(2). Let g be (2 - f/8)*-16. Let m = 48 - g. What is the units digit of m?
0
Suppose 0 = 8*w - 10*w + 48. Suppose -p + w = -16. What is the units digit of p?
0
Let j = -14 + 17. Suppose -3*u + 768 = j*u. What is the tens digit of u?
2
Suppose -201 = -15*w + 12*w. Suppose -4*l + w = -2*p - 51, 4*l - 119 = 3*p. What is the units digit of l?
9
Suppose -4*p + 3*s = -2*p - 6, 5*s = 0. Suppose 5*b + 4*d = 1320, 22 = p*b - d - 753. What is the hundreds digit of b?
2
Let b be -1 - ((-18)/3 + 2). Suppose -b*n + 38 = -49. What is the tens digit of n?
2
Let p(j) = j**3 + 8*j**2 - 9*j + 4. Let s be p(-9). Suppose 0*g + s*g = 4*r - 1836, -2*r = -6. What is the tens digit of g/(-9) - (-12)/(-18)?
5
Let k = 12 + -7. Suppose 5*f - 20 = -k*i, 5*f - 3*i + 4 = -0*i. What is the tens digit of (5*f)/(1/3)?
1
Let x(k) = k. Let j(i) = i - 2. Let a be j(5). Let l be x(a). Suppose 44 + 4 = l*t. What is the units digit of t?
6
Let s = 1971 + -1167. What is the tens digit of s?
0
Suppose 14*c = 5062 + 2694. What is the units digit of c?
4
Suppose -606 - 815 = -2*j + s, -2*j = -4*s - 1412. What is the hundreds digit of j?
7
Let x(t) = 3*t + 13. Let k(r) = -2*r - 7. Let j(q) = 5*k(q) + 3*x(q). What is the tens digit of j(-8)?
1
What is the hundreds digit of 1*5*(-15029)/(-95)?
7
Suppose 20 = -14*t + 15*t. Let l = 1 + t. What is the tens digit of l?
2
Let m = 179 + -351. Let q = m - -327. What is the hundreds digit of q?
1
Let q = -871 - -1604. What is the hundreds digit of q?
7
Let d(v) = -2*v**3 - 25*v**2 + 13*v + 5. Let w be d(-13). What is the hundreds digit of (3 - 90/w)*20/(-3)?
1
Let s(c) = 10*c**2 - 36*c + 26. What is the hundreds digit of s(8)?
3
What is the hundreds digit of 3/((-3)/(-131)) + (-97 - -90)?
1
Let x(f) = -36*f**2 + f + 2. Let d be x(-1). Let i be (-86)/(-7) - (-10)/d. What is the tens digit of (4/i)/((-2)/(-222))?
3
Let l(n) be the second derivative of -19*n**3/6 + 91*n**2/2 - 8*n + 3. What is the hundreds digit of l(-8)?
2
Let m = 48 + -43. Suppose -3*f + m*v = -66 - 220, 5*v - 20 = 0. What is the tens digit of f?
0
Let u = -209 + 209. Let q be -3*1*(-50)/3. Suppose u*a = 2*a - q. What is the units digit of a?
5
Let p(q) = -4*q. Let i be p(-1). Suppose 230 = i*s - 3*d + 5*d, -284 = -5*s + d. What is the tens digit of s?
5
Let v = -1165 - -1707. What is the tens digit of v?
4
Let k = 13 - -12. What is the units digit of k?
5
Suppose -4*y = 16, 2*g + 9 = y + 21. Let w(l) = 0*l**2 + 6*l + 4*l**2 - l**3 - 173 + 168 + 0*l**2. What is the units digit of w(g)?
9
Let d = 183 - -443. What is the tens digit of d?
2
Suppose 3*w = 3*g - 24, -4*g + 18 = 4*w - w. What is the units digit of 35 - g*(-3)/(-6)?
2
What is the hundreds digit of 465 - 5*(-16)/100*-5?
4
Let h = 714 + -276. What is the tens digit of h?
3
Suppose -2*p - 4*m = -0*m + 4, -24 = -3*p + 4*m. Suppose -p*l + 9*l - 295 = 0. What is the units digit of l?
9
Suppose 5*n = 3*l - 0*l + 41, -37 = l + 3*n. Let m = -53 - l. Let s = 89 + m. What is the units digit of s?
8
Suppose k - 108 - 242 = 0. Suppose 5*l + 2*r - k = -2*r, -r = 0. What is the tens digit of l?
7
Let w(r) = -r**2 + 24*r - 21. Let m be w(17). Suppose -2*g = -m - 10. What is the tens digit of g?
5
Let y = 312 - 303. What is the units digit of y?
9
What is the tens digit of 3 - 2814/(-6) - -4?
7
Let s(w) = 6*w**2 - 65*w + 26. What is the units digit of s(18)?
0
Suppose 4*c + c = 35. Suppose 0 = -c*o - 264 + 768. Suppose -15*m + 12*m + o = 0. What is the units digit of m?
4
Suppose 3*y - 4*y = -v - 18, 4*v = 3*y - 57. Let z(o) = 6*o - 32. What is the units digit of z(y)?
8
Let i(n) = 220*n**2 + 16*n - 82. What is the hundreds digit of i(4)?
5
Let m be 2/((-129)/33 - -4). What is the tens digit of m/6*(14 - (-4 - -3))?
5
Let y(n) be the second derivative of 11*n**4/12 - n**2 + 5*n. Let l be y(2). Let m = l - 22. What is the units digit of m?
0
Let o = -51 + 55. What is the units digit of (-598)/(-14) + o/14?
3
Let l(o) = -3*o - 2. Let p = -6 + -2. Let t be l(p). Let c = t - 15. What is the units digit of c?
7
Suppose -8*h + 11899 = -19973. What is the thousands digit of h?
3
Let i(g) = 3*g + 19. Let b be i(-9). Let k(h) = h + 32. What is the tens digit of k(b)?
2
Let b = -19 - -32. Let p(r) = -r**3 + 14*r**2 - 8*r + 9. What is the units digit of p(b)?
4
Let w = -1010 - -1422. What is the units digit of w?
2
Let l be ((3 + -3)/3)/(8/4). Let v(b) = -b**3 + b**2 + 2*b + 87. What is the tens digit of v(l)?
8
What is the tens digit of 1/(-6) + ((-316225)/(-42))/13?
7
Suppose -5*v - 2*r + 429 + 433 = 0, v = 5*r + 194. Let w = v + -120. What is the units digit of w?
4
Let d be (-7)/2*(-17 - -11). What is the units digit of 6/d - (-690)/35?
0
Let a = -60 - -64. Suppose 3*h = 2*p - 206, 7*h = -p + a*h + 103. What is the tens digit of p?
0
Suppose -548*z = -557*z + 32931. What is the units digit of z?
9
Suppose 39 + 21 = 5*z. Let m = z + -6. Suppose 0 = -m*c + c + 40. What is the units digit of c?
8
Let a be (-1)/4*22*-2. Let d be -3 + a/(22/216). Suppose 0 = 4*s + s - d. What is the units digit of s?
1
Let b = -328 + 477. What is the hundreds digit of b?
1
Let z(w) = w**3 - 3*w - 8. Let x = 50 - 46. What is the tens digit of z(x)?
4
Let n(s) = 20*s**2 + 7. Let d(q) = 60*q**2 + q + 20. Let z(o) = 4*d(o) - 11*n(o). What is the tens digit of z(-2)?
7
Suppose -n + 3*n + 8 = 0. What is the units digit of 225/36 - (-1)/n?
6
Suppose -5*n = 3 - 13. Suppose 3*r + n*r = -2*t + 159, -3*r = 2*t - 97. Suppose r - 103 = -2*i. What is the units digit of i?
6
Let s = 6 - -19. Let g = s + 11. What is the tens digit of g?
3
Let g(h) = -h. Let b be g(-4). Let j(u) = -3*u + 3. Let v be j(b). What is the units digit of -2*4/24*v?
3
Let f = 10927 - 6397. What is the hundreds digit of f?
5
Suppose 0 = -2*d + 3*k + 13, 3 - 6 = k. What is the units digit of (3 + d/(-1))*3*17?
1
Let l(w) = -2*w**3 - 26*w**2 + 17*w + 11. What is the tens digit of l(-18)?
4
Let t(i) = -i**3 - 12*i**2 - 10*i + 2. Let o be t(-11). Let j = o + 77. What is the te